{"id":12,"date":"2022-09-20T17:17:28","date_gmt":"2022-09-20T17:17:28","guid":{"rendered":"https:\/\/jrfortin.com\/jrf\/lucie\/?page_id=12"},"modified":"2022-10-17T01:34:38","modified_gmt":"2022-10-17T01:34:38","slug":"page-daccueil","status":"publish","type":"page","link":"https:\/\/jrfortin.com\/jrf\/vibrato\/","title":{"rendered":"Accueil"},"content":{"rendered":"<p>L\u2019Espace Vibrat \u00abO\u00bb \u00a0est un lieu cr\u00e9\u00e9\u00a0 pour retrouver notre harmonie vibratoire par l\u2019utilisation de \u00a0fr\u00e9quences d\u2019ondes, de son, de couleur et de lumi\u00e8re.<\/p>\n<p>Car c\u2019est dans l\u2019espace que nous nous retrouvons. C\u2019est en cr\u00e9ant un espace \u00e0 l\u2019int\u00e9rieur de soi, qu\u2019on retrouve notre propre vibration. \u00a0Notre vibration est notre propre son, elle est notre propre couleur.<\/p>\n<p>L\u2019Espace Vibrat \u00abO\u00bb, est un lieu pour harmoniser votre propre vibration d\u2019\u00eatre au travers\u00a0 de nouvelles technologies dor\u00e9navant accessibles \u00e0 usage personnel quotidien.<\/p>\n<p>Les instruments qui sont \u00e0 votre disposition ont tous comme but d\u2019assurer un bienfait pour votre sant\u00e9, restaurer votre organisme, augmenter la disponibilit\u00e9 \u00e9nerg\u00e9tique apr\u00e8s avoir \u00e9limin\u00e9 ad\u00e9quatement les toxines ind\u00e9sirables.<img loading=\"lazy\" decoding=\"async\" class=\"size-medium wp-image-68 alignright\" src=\"http:\/\/jrfortin.com\/jrf\/vibrato\/wp-content\/uploads\/sites\/40\/2022\/09\/MaSalle-de-psio-225x300.jpg\" alt=\"\" width=\"225\" height=\"300\" srcset=\"https:\/\/jrfortin.com\/jrf\/vibrato\/wp-content\/uploads\/sites\/40\/2022\/09\/MaSalle-de-psio-225x300.jpg 225w, https:\/\/jrfortin.com\/jrf\/vibrato\/wp-content\/uploads\/sites\/40\/2022\/09\/MaSalle-de-psio-113x150.jpg 113w, https:\/\/jrfortin.com\/jrf\/vibrato\/wp-content\/uploads\/sites\/40\/2022\/09\/MaSalle-de-psio-18x24.jpg 18w, https:\/\/jrfortin.com\/jrf\/vibrato\/wp-content\/uploads\/sites\/40\/2022\/09\/MaSalle-de-psio-27x36.jpg 27w, https:\/\/jrfortin.com\/jrf\/vibrato\/wp-content\/uploads\/sites\/40\/2022\/09\/MaSalle-de-psio-36x48.jpg 36w, https:\/\/jrfortin.com\/jrf\/vibrato\/wp-content\/uploads\/sites\/40\/2022\/09\/MaSalle-de-psio.jpg 480w\" sizes=\"auto, (max-width: 225px) 100vw, 225px\" \/><\/p>\n<p>Les instruments que vous pouvez essayer dans L\u2019Espace Vibrat \u00abO\u00bb sont uniquement ceux que vous pouvez vous procurer afin qu\u2019ils soient \u00e0 votre disposition au quotidien selon vos besoins et vos d\u00e9sirs.<\/p>\n<p>C\u2019est ainsi que L\u2019espace Vibrat \u00abO\u00bb \u00a0vous transporte vers votre \u00eatre, dans un corps sain, un esprit sain pour une relation saine avec tout votre \u00eatre par votre propre autonomie et souverainet\u00e9 d\u2019\u00eatre.<\/p>\n<p>Chacune des technologies pr\u00e9sent\u00e9es dans l\u2019Espace Vibrat \u00abO\u00bb \u00a0offre l\u2019opportunit\u00e9 de devenir soi-m\u00eame un accompagnateur pour communiquer les bienfaits de ces vibrations \u00e0 d\u2019autres utilisateurs.\u00a0 Du soutien entre accompagnateurs est disponible.<\/p>\n<p>Toutes les technologies propos\u00e9es travaillent par vibration d\u2019ondes de forme.<\/p>\n<ul>\n<li>L\u2019eau structur\u00e9e apr\u00e8s avoir \u00e9t\u00e9 vortex\u00e9e.<\/li>\n<li>Des lunettes th\u00e9rapeutiques jumelant lumi\u00e8res, pulsations et sons binauraux.<\/li>\n<li>Un matelas \u00e9mettant des pulsations \u00e9lectromagn\u00e9tiques.<\/li>\n<li>Un dispositif portatif travaillant avec <span style=\"font-size: large\">l&rsquo;\u00e9nergie quantique et les ondes scalaires<\/span>.<\/li>\n<li>Des produits naturels pour prendre soin de son corps sain et vibrant de vitalit\u00e9.<\/li>\n<\/ul>\n<p>Ce que l\u2019Espace Vibrat \u00abO\u00bb \u00a0n\u2019est pas.<\/p>\n<p>L\u2019\u00c9space Vibrat \u00abO\u00bb \u00a0n\u2019est pas une clinique de traitement ou de th\u00e9rapie, mais uniquement un lieu pour faire un choix \u00e9clair\u00e9 sur des appareils disponibles sur le march\u00e9.<\/p>\n<p><em>Toute ces technologies ne sont pas con\u00e7ues \u00e0 des fins de diagnostic, de traitement, de lutte ni de pr\u00e9vention des maladies, des syndromes ni d\u2019aucun \u00e9tat de sant\u00e9 physique ou\/et psychologique anormal\u00a0 et ils ne permettent pas de restaurer, de modifier ni de corriger la structure ou les fonctions de l\u2019organisme.<\/em><\/p>\n\n\t\t<style type=\"text\/css\">\n\t\t\t#gallery-1 {\n\t\t\t\tmargin: auto;\n\t\t\t}\n\t\t\t#gallery-1 .gallery-item {\n\t\t\t\tfloat: left;\n\t\t\t\tmargin-top: 10px;\n\t\t\t\ttext-align: center;\n\t\t\t\twidth: 20%;\n\t\t\t}\n\t\t\t#gallery-1 img {\n\t\t\t\tborder: 2px solid #cfcfcf;\n\t\t\t}\n\t\t\t#gallery-1 .gallery-caption {\n\t\t\t\tmargin-left: 0;\n\t\t\t}\n\t\t\t\/* see gallery_shortcode() in wp-includes\/media.php *\/\n\t\t<\/style>\n\t\t<div id='gallery-1' class='gallery galleryid-12 gallery-columns-5 gallery-size-thumbnail'><dl class='gallery-item'>\n\t\t\t<dt class='gallery-icon landscape'>\n\t\t\t\t<a href='https:\/\/jrfortin.com\/jrf\/vibrato\/page-daccueil\/img_3347_1\/'><img loading=\"lazy\" decoding=\"async\" width=\"150\" height=\"150\" src=\"https:\/\/jrfortin.com\/jrf\/vibrato\/wp-content\/uploads\/sites\/40\/2022\/09\/IMG_3347_1-150x150.jpg\" class=\"attachment-thumbnail size-thumbnail\" alt=\"\" srcset=\"https:\/\/jrfortin.com\/jrf\/vibrato\/wp-content\/uploads\/sites\/40\/2022\/09\/IMG_3347_1-150x150.jpg 150w, https:\/\/jrfortin.com\/jrf\/vibrato\/wp-content\/uploads\/sites\/40\/2022\/09\/IMG_3347_1-300x300.jpg 300w, https:\/\/jrfortin.com\/jrf\/vibrato\/wp-content\/uploads\/sites\/40\/2022\/09\/IMG_3347_1-1024x1024.jpg 1024w, https:\/\/jrfortin.com\/jrf\/vibrato\/wp-content\/uploads\/sites\/40\/2022\/09\/IMG_3347_1-768x768.jpg 768w, https:\/\/jrfortin.com\/jrf\/vibrato\/wp-content\/uploads\/sites\/40\/2022\/09\/IMG_3347_1-1536x1536.jpg 1536w, https:\/\/jrfortin.com\/jrf\/vibrato\/wp-content\/uploads\/sites\/40\/2022\/09\/IMG_3347_1-2048x2048.jpg 2048w, https:\/\/jrfortin.com\/jrf\/vibrato\/wp-content\/uploads\/sites\/40\/2022\/09\/IMG_3347_1-1320x1320.jpg 1320w, https:\/\/jrfortin.com\/jrf\/vibrato\/wp-content\/uploads\/sites\/40\/2022\/09\/IMG_3347_1-24x24.jpg 24w, https:\/\/jrfortin.com\/jrf\/vibrato\/wp-content\/uploads\/sites\/40\/2022\/09\/IMG_3347_1-36x36.jpg 36w, https:\/\/jrfortin.com\/jrf\/vibrato\/wp-content\/uploads\/sites\/40\/2022\/09\/IMG_3347_1-48x48.jpg 48w\" sizes=\"auto, (max-width: 150px) 100vw, 150px\" \/><\/a>\n\t\t\t<\/dt><\/dl><dl class='gallery-item'>\n\t\t\t<dt class='gallery-icon landscape'>\n\t\t\t\t<a href='https:\/\/jrfortin.com\/jrf\/vibrato\/page-daccueil\/img_3350_1\/'><img loading=\"lazy\" decoding=\"async\" width=\"150\" height=\"150\" src=\"https:\/\/jrfortin.com\/jrf\/vibrato\/wp-content\/uploads\/sites\/40\/2022\/09\/IMG_3350_1-150x150.jpg\" class=\"attachment-thumbnail size-thumbnail\" alt=\"\" srcset=\"https:\/\/jrfortin.com\/jrf\/vibrato\/wp-content\/uploads\/sites\/40\/2022\/09\/IMG_3350_1-150x150.jpg 150w, https:\/\/jrfortin.com\/jrf\/vibrato\/wp-content\/uploads\/sites\/40\/2022\/09\/IMG_3350_1-300x300.jpg 300w, https:\/\/jrfortin.com\/jrf\/vibrato\/wp-content\/uploads\/sites\/40\/2022\/09\/IMG_3350_1-1024x1024.jpg 1024w, https:\/\/jrfortin.com\/jrf\/vibrato\/wp-content\/uploads\/sites\/40\/2022\/09\/IMG_3350_1-768x768.jpg 768w, https:\/\/jrfortin.com\/jrf\/vibrato\/wp-content\/uploads\/sites\/40\/2022\/09\/IMG_3350_1-1536x1536.jpg 1536w, https:\/\/jrfortin.com\/jrf\/vibrato\/wp-content\/uploads\/sites\/40\/2022\/09\/IMG_3350_1-2048x2048.jpg 2048w, https:\/\/jrfortin.com\/jrf\/vibrato\/wp-content\/uploads\/sites\/40\/2022\/09\/IMG_3350_1-1320x1320.jpg 1320w, https:\/\/jrfortin.com\/jrf\/vibrato\/wp-content\/uploads\/sites\/40\/2022\/09\/IMG_3350_1-24x24.jpg 24w, https:\/\/jrfortin.com\/jrf\/vibrato\/wp-content\/uploads\/sites\/40\/2022\/09\/IMG_3350_1-36x36.jpg 36w, https:\/\/jrfortin.com\/jrf\/vibrato\/wp-content\/uploads\/sites\/40\/2022\/09\/IMG_3350_1-48x48.jpg 48w\" sizes=\"auto, (max-width: 150px) 100vw, 150px\" \/><\/a>\n\t\t\t<\/dt><\/dl><dl class='gallery-item'>\n\t\t\t<dt class='gallery-icon landscape'>\n\t\t\t\t<a href='https:\/\/jrfortin.com\/jrf\/vibrato\/page-daccueil\/img_3351_1\/'><img loading=\"lazy\" decoding=\"async\" width=\"150\" height=\"150\" src=\"https:\/\/jrfortin.com\/jrf\/vibrato\/wp-content\/uploads\/sites\/40\/2022\/09\/IMG_3351_1-150x150.jpg\" class=\"attachment-thumbnail size-thumbnail\" alt=\"\" srcset=\"https:\/\/jrfortin.com\/jrf\/vibrato\/wp-content\/uploads\/sites\/40\/2022\/09\/IMG_3351_1-150x150.jpg 150w, https:\/\/jrfortin.com\/jrf\/vibrato\/wp-content\/uploads\/sites\/40\/2022\/09\/IMG_3351_1-300x300.jpg 300w, https:\/\/jrfortin.com\/jrf\/vibrato\/wp-content\/uploads\/sites\/40\/2022\/09\/IMG_3351_1-1024x1024.jpg 1024w, https:\/\/jrfortin.com\/jrf\/vibrato\/wp-content\/uploads\/sites\/40\/2022\/09\/IMG_3351_1-768x768.jpg 768w, https:\/\/jrfortin.com\/jrf\/vibrato\/wp-content\/uploads\/sites\/40\/2022\/09\/IMG_3351_1-1536x1536.jpg 1536w, https:\/\/jrfortin.com\/jrf\/vibrato\/wp-content\/uploads\/sites\/40\/2022\/09\/IMG_3351_1-2048x2048.jpg 2048w, https:\/\/jrfortin.com\/jrf\/vibrato\/wp-content\/uploads\/sites\/40\/2022\/09\/IMG_3351_1-1320x1320.jpg 1320w, https:\/\/jrfortin.com\/jrf\/vibrato\/wp-content\/uploads\/sites\/40\/2022\/09\/IMG_3351_1-24x24.jpg 24w, https:\/\/jrfortin.com\/jrf\/vibrato\/wp-content\/uploads\/sites\/40\/2022\/09\/IMG_3351_1-36x36.jpg 36w, https:\/\/jrfortin.com\/jrf\/vibrato\/wp-content\/uploads\/sites\/40\/2022\/09\/IMG_3351_1-48x48.jpg 48w\" sizes=\"auto, (max-width: 150px) 100vw, 150px\" \/><\/a>\n\t\t\t<\/dt><\/dl><dl class='gallery-item'>\n\t\t\t<dt class='gallery-icon landscape'>\n\t\t\t\t<a href='https:\/\/jrfortin.com\/jrf\/vibrato\/page-daccueil\/img_3352_1\/'><img loading=\"lazy\" decoding=\"async\" width=\"150\" height=\"150\" src=\"https:\/\/jrfortin.com\/jrf\/vibrato\/wp-content\/uploads\/sites\/40\/2022\/09\/IMG_3352_1-150x150.jpg\" class=\"attachment-thumbnail size-thumbnail\" alt=\"\" srcset=\"https:\/\/jrfortin.com\/jrf\/vibrato\/wp-content\/uploads\/sites\/40\/2022\/09\/IMG_3352_1-150x150.jpg 150w, https:\/\/jrfortin.com\/jrf\/vibrato\/wp-content\/uploads\/sites\/40\/2022\/09\/IMG_3352_1-300x300.jpg 300w, https:\/\/jrfortin.com\/jrf\/vibrato\/wp-content\/uploads\/sites\/40\/2022\/09\/IMG_3352_1-1024x1024.jpg 1024w, https:\/\/jrfortin.com\/jrf\/vibrato\/wp-content\/uploads\/sites\/40\/2022\/09\/IMG_3352_1-768x768.jpg 768w, https:\/\/jrfortin.com\/jrf\/vibrato\/wp-content\/uploads\/sites\/40\/2022\/09\/IMG_3352_1-1536x1536.jpg 1536w, https:\/\/jrfortin.com\/jrf\/vibrato\/wp-content\/uploads\/sites\/40\/2022\/09\/IMG_3352_1-2048x2048.jpg 2048w, https:\/\/jrfortin.com\/jrf\/vibrato\/wp-content\/uploads\/sites\/40\/2022\/09\/IMG_3352_1-1320x1320.jpg 1320w, https:\/\/jrfortin.com\/jrf\/vibrato\/wp-content\/uploads\/sites\/40\/2022\/09\/IMG_3352_1-24x24.jpg 24w, https:\/\/jrfortin.com\/jrf\/vibrato\/wp-content\/uploads\/sites\/40\/2022\/09\/IMG_3352_1-36x36.jpg 36w, https:\/\/jrfortin.com\/jrf\/vibrato\/wp-content\/uploads\/sites\/40\/2022\/09\/IMG_3352_1-48x48.jpg 48w\" sizes=\"auto, (max-width: 150px) 100vw, 150px\" \/><\/a>\n\t\t\t<\/dt><\/dl>\n\t\t\t<br style='clear: both' \/>\n\t\t<\/div>\n\n<p>&nbsp;<\/p>\n","protected":false},"excerpt":{"rendered":"<p>L\u2019Espace Vibrat \u00abO\u00bb \u00a0est un lieu cr\u00e9\u00e9\u00a0 pour retrouver notre harmonie vibratoire par l\u2019utilisation de \u00a0fr\u00e9quences d\u2019ondes, de son, de couleur et de lumi\u00e8re. Car c\u2019est dans l\u2019espace que nous nous retrouvons. C\u2019est en cr\u00e9ant un espace \u00e0 l\u2019int\u00e9rieur de soi, qu\u2019on retrouve notre propre vibration. \u00a0Notre vibration est notre&#8230;<\/p>\n<p> <a class=\"continue-reading-link\" href=\"https:\/\/jrfortin.com\/jrf\/vibrato\/\"><span>Continue reading<\/span><i class=\"crycon-right-dir\"><\/i><\/a> <\/p>\n","protected":false},"author":1,"featured_media":0,"parent":0,"menu_order":0,"comment_status":"open","ping_status":"closed","template":"templates\/template-onecolumn.php","meta":{"footnotes":""},"class_list":["post-12","page","type-page","status-publish","hentry"],"yoast_head":"<!-- This site is optimized with the Yoast SEO plugin v26.7 - https:\/\/yoast.com\/wordpress\/plugins\/seo\/ -->\n<title>Accueil - espace Vibrat \u00ab O \u00bb<\/title>\n<meta name=\"robots\" content=\"index, follow, max-snippet:-1, max-image-preview:large, max-video-preview:-1\" \/>\n<link rel=\"canonical\" href=\"https:\/\/jrfortin.com\/jrf\/vibrato\/\" \/>\n<meta property=\"og:locale\" content=\"fr_FR\" \/>\n<meta property=\"og:type\" content=\"article\" \/>\n<meta property=\"og:title\" content=\"Accueil - espace Vibrat \u00ab O \u00bb\" \/>\n<meta property=\"og:description\" content=\"L\u2019Espace Vibrat \u00abO\u00bb \u00a0est un lieu cr\u00e9\u00e9\u00a0 pour retrouver notre harmonie vibratoire par l\u2019utilisation de \u00a0fr\u00e9quences d\u2019ondes, de son, de couleur et de lumi\u00e8re. Car c\u2019est dans l\u2019espace que nous nous retrouvons. C\u2019est en cr\u00e9ant un espace \u00e0 l\u2019int\u00e9rieur de soi, qu\u2019on retrouve notre propre vibration. \u00a0Notre vibration est notre... Continue reading\" \/>\n<meta property=\"og:url\" content=\"https:\/\/jrfortin.com\/jrf\/vibrato\/\" \/>\n<meta property=\"og:site_name\" content=\"espace Vibrat \u00ab O \u00bb\" \/>\n<meta property=\"article:modified_time\" content=\"2022-10-17T01:34:38+00:00\" \/>\n<meta property=\"og:image\" content=\"https:\/\/jrfortin.com\/jrf\/vibrato\/wp-content\/uploads\/sites\/40\/2022\/09\/IMG_3352_1-150x150.jpg\" \/>\n<meta name=\"twitter:card\" content=\"summary_large_image\" \/>\n<meta name=\"twitter:site\" content=\"@fortin_rock\" \/>\n<meta name=\"twitter:label1\" content=\"Dur\u00e9e de lecture estim\u00e9e\" \/>\n\t<meta name=\"twitter:data1\" content=\"2 minutes\" \/>\n<script type=\"application\/ld+json\" class=\"yoast-schema-graph\">{\"@context\":\"https:\/\/schema.org\",\"@graph\":[{\"@type\":\"WebPage\",\"@id\":\"https:\/\/jrfortin.com\/jrf\/vibrato\/\",\"url\":\"https:\/\/jrfortin.com\/jrf\/vibrato\/\",\"name\":\"Accueil - espace Vibrat \u00ab O \u00bb\",\"isPartOf\":{\"@id\":\"https:\/\/jrfortin.com\/jrf\/vibrato\/#website\"},\"primaryImageOfPage\":{\"@id\":\"https:\/\/jrfortin.com\/jrf\/vibrato\/#primaryimage\"},\"image\":{\"@id\":\"https:\/\/jrfortin.com\/jrf\/vibrato\/#primaryimage\"},\"thumbnailUrl\":\"http:\/\/jrfortin.com\/jrf\/vibrato\/wp-content\/uploads\/sites\/40\/2022\/09\/MaSalle-de-psio-225x300.jpg\",\"datePublished\":\"2022-09-20T17:17:28+00:00\",\"dateModified\":\"2022-10-17T01:34:38+00:00\",\"breadcrumb\":{\"@id\":\"https:\/\/jrfortin.com\/jrf\/vibrato\/#breadcrumb\"},\"inLanguage\":\"fr-FR\",\"potentialAction\":[{\"@type\":\"ReadAction\",\"target\":[\"https:\/\/jrfortin.com\/jrf\/vibrato\/\"]}]},{\"@type\":\"ImageObject\",\"inLanguage\":\"fr-FR\",\"@id\":\"https:\/\/jrfortin.com\/jrf\/vibrato\/#primaryimage\",\"url\":\"https:\/\/jrfortin.com\/jrf\/vibrato\/wp-content\/uploads\/sites\/40\/2022\/09\/MaSalle-de-psio.jpg\",\"contentUrl\":\"https:\/\/jrfortin.com\/jrf\/vibrato\/wp-content\/uploads\/sites\/40\/2022\/09\/MaSalle-de-psio.jpg\",\"width\":480,\"height\":640},{\"@type\":\"BreadcrumbList\",\"@id\":\"https:\/\/jrfortin.com\/jrf\/vibrato\/#breadcrumb\",\"itemListElement\":[{\"@type\":\"ListItem\",\"position\":1,\"name\":\"Accueil\",\"item\":\"https:\/\/jrfortin.com\/jrf\/vibrato\/\"},{\"@type\":\"ListItem\",\"position\":2,\"name\":\"Accueil\"}]},{\"@type\":\"WebSite\",\"@id\":\"https:\/\/jrfortin.com\/jrf\/vibrato\/#website\",\"url\":\"https:\/\/jrfortin.com\/jrf\/vibrato\/\",\"name\":\"espace Vibrat \u00ab O \u00bb\",\"description\":\"un lieu o\u00f9 se retrouver...\",\"publisher\":{\"@id\":\"https:\/\/jrfortin.com\/jrf\/vibrato\/#\/schema\/person\/3c6fa605cdbaaea40a1729daa3e322c2\"},\"potentialAction\":[{\"@type\":\"SearchAction\",\"target\":{\"@type\":\"EntryPoint\",\"urlTemplate\":\"https:\/\/jrfortin.com\/jrf\/vibrato\/?s={search_term_string}\"},\"query-input\":{\"@type\":\"PropertyValueSpecification\",\"valueRequired\":true,\"valueName\":\"search_term_string\"}}],\"inLanguage\":\"fr-FR\"},{\"@type\":[\"Person\",\"Organization\"],\"@id\":\"https:\/\/jrfortin.com\/jrf\/vibrato\/#\/schema\/person\/3c6fa605cdbaaea40a1729daa3e322c2\",\"name\":\"Lucie Boucher\",\"image\":{\"@type\":\"ImageObject\",\"inLanguage\":\"fr-FR\",\"@id\":\"https:\/\/jrfortin.com\/jrf\/vibrato\/#\/schema\/person\/image\/\",\"url\":\"https:\/\/secure.gravatar.com\/avatar\/f3608658cb7bb85669cb928416969226?s=96&d=mm&r=g\",\"contentUrl\":\"https:\/\/secure.gravatar.com\/avatar\/f3608658cb7bb85669cb928416969226?s=96&d=mm&r=g\",\"caption\":\"Lucie Boucher\"},\"logo\":{\"@id\":\"https:\/\/jrfortin.com\/jrf\/vibrato\/#\/schema\/person\/image\/\"}}]}<\/script>\n<!-- \/ Yoast SEO plugin. -->","yoast_head_json":{"title":"Accueil - espace Vibrat \u00ab O \u00bb","robots":{"index":"index","follow":"follow","max-snippet":"max-snippet:-1","max-image-preview":"max-image-preview:large","max-video-preview":"max-video-preview:-1"},"canonical":"https:\/\/jrfortin.com\/jrf\/vibrato\/","og_locale":"fr_FR","og_type":"article","og_title":"Accueil - espace Vibrat \u00ab O \u00bb","og_description":"L\u2019Espace Vibrat \u00abO\u00bb \u00a0est un lieu cr\u00e9\u00e9\u00a0 pour retrouver notre harmonie vibratoire par l\u2019utilisation de \u00a0fr\u00e9quences d\u2019ondes, de son, de couleur et de lumi\u00e8re. Car c\u2019est dans l\u2019espace que nous nous retrouvons. C\u2019est en cr\u00e9ant un espace \u00e0 l\u2019int\u00e9rieur de soi, qu\u2019on retrouve notre propre vibration. \u00a0Notre vibration est notre... Continue reading","og_url":"https:\/\/jrfortin.com\/jrf\/vibrato\/","og_site_name":"espace Vibrat \u00ab O \u00bb","article_modified_time":"2022-10-17T01:34:38+00:00","og_image":[{"url":"https:\/\/jrfortin.com\/jrf\/vibrato\/wp-content\/uploads\/sites\/40\/2022\/09\/IMG_3352_1-150x150.jpg","type":"","width":"","height":""}],"twitter_card":"summary_large_image","twitter_site":"@fortin_rock","twitter_misc":{"Dur\u00e9e de lecture estim\u00e9e":"2 minutes"},"schema":{"@context":"https:\/\/schema.org","@graph":[{"@type":"WebPage","@id":"https:\/\/jrfortin.com\/jrf\/vibrato\/","url":"https:\/\/jrfortin.com\/jrf\/vibrato\/","name":"Accueil - espace Vibrat \u00ab O \u00bb","isPartOf":{"@id":"https:\/\/jrfortin.com\/jrf\/vibrato\/#website"},"primaryImageOfPage":{"@id":"https:\/\/jrfortin.com\/jrf\/vibrato\/#primaryimage"},"image":{"@id":"https:\/\/jrfortin.com\/jrf\/vibrato\/#primaryimage"},"thumbnailUrl":"http:\/\/jrfortin.com\/jrf\/vibrato\/wp-content\/uploads\/sites\/40\/2022\/09\/MaSalle-de-psio-225x300.jpg","datePublished":"2022-09-20T17:17:28+00:00","dateModified":"2022-10-17T01:34:38+00:00","breadcrumb":{"@id":"https:\/\/jrfortin.com\/jrf\/vibrato\/#breadcrumb"},"inLanguage":"fr-FR","potentialAction":[{"@type":"ReadAction","target":["https:\/\/jrfortin.com\/jrf\/vibrato\/"]}]},{"@type":"ImageObject","inLanguage":"fr-FR","@id":"https:\/\/jrfortin.com\/jrf\/vibrato\/#primaryimage","url":"https:\/\/jrfortin.com\/jrf\/vibrato\/wp-content\/uploads\/sites\/40\/2022\/09\/MaSalle-de-psio.jpg","contentUrl":"https:\/\/jrfortin.com\/jrf\/vibrato\/wp-content\/uploads\/sites\/40\/2022\/09\/MaSalle-de-psio.jpg","width":480,"height":640},{"@type":"BreadcrumbList","@id":"https:\/\/jrfortin.com\/jrf\/vibrato\/#breadcrumb","itemListElement":[{"@type":"ListItem","position":1,"name":"Accueil","item":"https:\/\/jrfortin.com\/jrf\/vibrato\/"},{"@type":"ListItem","position":2,"name":"Accueil"}]},{"@type":"WebSite","@id":"https:\/\/jrfortin.com\/jrf\/vibrato\/#website","url":"https:\/\/jrfortin.com\/jrf\/vibrato\/","name":"espace Vibrat \u00ab O \u00bb","description":"un lieu o\u00f9 se retrouver...","publisher":{"@id":"https:\/\/jrfortin.com\/jrf\/vibrato\/#\/schema\/person\/3c6fa605cdbaaea40a1729daa3e322c2"},"potentialAction":[{"@type":"SearchAction","target":{"@type":"EntryPoint","urlTemplate":"https:\/\/jrfortin.com\/jrf\/vibrato\/?s={search_term_string}"},"query-input":{"@type":"PropertyValueSpecification","valueRequired":true,"valueName":"search_term_string"}}],"inLanguage":"fr-FR"},{"@type":["Person","Organization"],"@id":"https:\/\/jrfortin.com\/jrf\/vibrato\/#\/schema\/person\/3c6fa605cdbaaea40a1729daa3e322c2","name":"Lucie Boucher","image":{"@type":"ImageObject","inLanguage":"fr-FR","@id":"https:\/\/jrfortin.com\/jrf\/vibrato\/#\/schema\/person\/image\/","url":"https:\/\/secure.gravatar.com\/avatar\/f3608658cb7bb85669cb928416969226?s=96&d=mm&r=g","contentUrl":"https:\/\/secure.gravatar.com\/avatar\/f3608658cb7bb85669cb928416969226?s=96&d=mm&r=g","caption":"Lucie Boucher"},"logo":{"@id":"https:\/\/jrfortin.com\/jrf\/vibrato\/#\/schema\/person\/image\/"}}]}},"_links":{"self":[{"href":"https:\/\/jrfortin.com\/jrf\/vibrato\/wp-json\/wp\/v2\/pages\/12","targetHints":{"allow":["GET"]}}],"collection":[{"href":"https:\/\/jrfortin.com\/jrf\/vibrato\/wp-json\/wp\/v2\/pages"}],"about":[{"href":"https:\/\/jrfortin.com\/jrf\/vibrato\/wp-json\/wp\/v2\/types\/page"}],"author":[{"embeddable":true,"href":"https:\/\/jrfortin.com\/jrf\/vibrato\/wp-json\/wp\/v2\/users\/1"}],"replies":[{"embeddable":true,"href":"https:\/\/jrfortin.com\/jrf\/vibrato\/wp-json\/wp\/v2\/comments?post=12"}],"version-history":[{"count":14,"href":"https:\/\/jrfortin.com\/jrf\/vibrato\/wp-json\/wp\/v2\/pages\/12\/revisions"}],"predecessor-version":[{"id":165,"href":"https:\/\/jrfortin.com\/jrf\/vibrato\/wp-json\/wp\/v2\/pages\/12\/revisions\/165"}],"wp:attachment":[{"href":"https:\/\/jrfortin.com\/jrf\/vibrato\/wp-json\/wp\/v2\/media?parent=12"}],"curies":[{"name":"wp","href":"https:\/\/api.w.org\/{rel}","templated":true}]}}