{"id":13197,"date":"2020-04-13T17:38:03","date_gmt":"2020-04-13T21:38:03","guid":{"rendered":"https:\/\/jrfortin.com\/jrf\/?page_id=13197"},"modified":"2023-07-13T08:32:14","modified_gmt":"2023-07-13T12:32:14","slug":"7-attaques-par-frappes-directes-du-tranchant-de-la-main-a-la-tete-de-haut-en-bas","status":"publish","type":"page","link":"https:\/\/jrfortin.com\/jrf\/7-attaques-par-frappes-directes-du-tranchant-de-la-main-a-la-tete-de-haut-en-bas\/","title":{"rendered":"7- Attaques par frappes directes du tranchant de la main \u00e0 la t\u00eate,\u00a0de haut en bas"},"content":{"rendered":"<p style=\"text-align: justify;\">Frappe directe du tranchant de la main \u00e0 la t\u00eate, de haut en bas, du c\u00f4t\u00e9 de la jambe arri\u00e8re de <em>Nage.<br \/>\n<\/em><\/p>\n<!--[if lt IE 9]><script>document.createElement('video');<\/script><![endif]-->\n\t<div class=\"wp-playlist wp-video-playlist wp-playlist-light\">\n\t\t<video controls=\"controls\" preload=\"none\" width=\"808\"\n\t\t height=\"606\"\t><\/video>\n\t<div class=\"wp-playlist-next\"><\/div>\n\t<div class=\"wp-playlist-prev\"><\/div>\n\t<noscript>\n\t<ol>\n\t\t<li><a href='https:\/\/jrfortin.com\/jrf\/wp-content\/uploads\/2023\/07\/071.1-Shomen-uchi-ikkyo.mov'>071.1- Shomen-uchi ikkyo<\/a><\/li><li><a href='https:\/\/jrfortin.com\/jrf\/wp-content\/uploads\/2023\/07\/072.2-Shomen-uchi-kokyu-nage.mov'>072.2- Shomen-uchi kokyu-nage<\/a><\/li>\t<\/ol>\n\t<\/noscript>\n\t<script type=\"application\/json\" class=\"wp-playlist-script\">{\"type\":\"video\",\"tracklist\":true,\"tracknumbers\":true,\"images\":true,\"artists\":true,\"tracks\":[{\"src\":\"https:\\\/\\\/jrfortin.com\\\/jrf\\\/wp-content\\\/uploads\\\/2023\\\/07\\\/071.1-Shomen-uchi-ikkyo.mov\",\"type\":\"video\\\/quicktime\",\"title\":\"071.1- Shomen-uchi ikkyo\",\"caption\":\"\",\"description\":\"\",\"meta\":{\"length_formatted\":\"0:36\"},\"dimensions\":{\"original\":{\"width\":640,\"height\":360},\"resized\":{\"width\":808,\"height\":455}},\"image\":{\"src\":\"https:\\\/\\\/jrfortin.com\\\/jrf\\\/wp-includes\\\/images\\\/media\\\/video.svg\",\"width\":48,\"height\":64},\"thumb\":{\"src\":\"https:\\\/\\\/jrfortin.com\\\/jrf\\\/wp-includes\\\/images\\\/media\\\/video.svg\",\"width\":48,\"height\":64}},{\"src\":\"https:\\\/\\\/jrfortin.com\\\/jrf\\\/wp-content\\\/uploads\\\/2023\\\/07\\\/072.2-Shomen-uchi-kokyu-nage.mov\",\"type\":\"video\\\/quicktime\",\"title\":\"072.2- Shomen-uchi kokyu-nage\",\"caption\":\"\",\"description\":\"\",\"meta\":{\"length_formatted\":\"0:10\"},\"dimensions\":{\"original\":{\"width\":640,\"height\":480},\"resized\":{\"width\":808,\"height\":606}},\"image\":{\"src\":\"https:\\\/\\\/jrfortin.com\\\/jrf\\\/wp-includes\\\/images\\\/media\\\/video.svg\",\"width\":48,\"height\":64},\"thumb\":{\"src\":\"https:\\\/\\\/jrfortin.com\\\/jrf\\\/wp-includes\\\/images\\\/media\\\/video.svg\",\"width\":48,\"height\":64}}]}<\/script>\n<\/div>\n\t\n<hr \/>\n<p style=\"text-align: justify;\"><strong><img data-recalc-dims=\"1\" loading=\"lazy\" decoding=\"async\" data-attachment-id=\"2927\" data-permalink=\"https:\/\/jrfortin.com\/jrf\/?attachment_id=2927\" data-orig-file=\"https:\/\/i0.wp.com\/jrfortin.com\/jrf\/wp-content\/uploads\/2013\/03\/deux.png?fit=118%2C28&amp;ssl=1\" data-orig-size=\"118,28\" data-comments-opened=\"0\" data-image-meta=\"{&quot;aperture&quot;:&quot;0&quot;,&quot;credit&quot;:&quot;&quot;,&quot;camera&quot;:&quot;&quot;,&quot;caption&quot;:&quot;&quot;,&quot;created_timestamp&quot;:&quot;0&quot;,&quot;copyright&quot;:&quot;&quot;,&quot;focal_length&quot;:&quot;0&quot;,&quot;iso&quot;:&quot;0&quot;,&quot;shutter_speed&quot;:&quot;0&quot;,&quot;title&quot;:&quot;&quot;,&quot;orientation&quot;:&quot;0&quot;}\" data-image-title=\"deux\" data-image-description=\"&lt;p&gt;niveau Ceinture brune&lt;\/p&gt;\n\" data-image-caption=\"\" data-medium-file=\"https:\/\/i0.wp.com\/jrfortin.com\/jrf\/wp-content\/uploads\/2013\/03\/deux.png?fit=118%2C28&amp;ssl=1\" data-large-file=\"https:\/\/i0.wp.com\/jrfortin.com\/jrf\/wp-content\/uploads\/2013\/03\/deux.png?fit=118%2C28&amp;ssl=1\" class=\"alignright wp-image-2927 size-full\" src=\"https:\/\/i0.wp.com\/jrfortin.com\/jrf\/wp-content\/uploads\/2013\/03\/deux.png?resize=118%2C28\" alt=\"deux\" width=\"118\" height=\"28\" \/><\/strong><\/p>\n<p style=\"text-align: justify;\"><strong>7.1 \u2013 <em>Shomen-uchi Ikkyo<\/em><\/strong><strong>\u00a0<\/strong>: Contr\u00f4le par flexion du poignet et immobilisation, sur frappe \u00e0 la t\u00eate, de haut en bas, avec le tranchant de la main.<\/p>\n<p style=\"text-align: justify;\"><u>Indices de succ\u00e8s<\/u>\u00a0: <em>Uke<\/em> attaque du m\u00eame c\u00f4t\u00e9 que la jambe arri\u00e8re de <em>Nage<\/em>. Aussit\u00f4t qu\u2019il per\u00e7oit le<em> Ki <\/em>de l\u2019attaque de <em>Uke<\/em> (voir section\u00a0VII.3\u00a0: \u00abL\u2019intention et le rythme\u00bb [p. 171]), <em>Nage<\/em> dirige fortement le<em> Ki <\/em>vers le haut et monte son bras directement. De cette fa\u00e7on, il d\u00e9viera l\u2019attaque bien avant qu\u2019elle prenne de l\u2019amplitude.<\/p>\n<p style=\"text-align: justify;\"><u>a \u2013 Avec d\u00e9placement de <em>Nage<\/em> dans la m\u00eame direction que la ligne d\u2019attaque de <em>Uke<\/em><\/u> (<em>Irimi<\/em>)\u00a0: Apr\u00e8s avoir d\u00e9vi\u00e9 l\u2019attaque vers le haut, <em>Nage<\/em> prendra contact avec le bras de <em>Uke<\/em> au niveau du triceps et du poignet.<\/p>\n<p style=\"text-align: justify;\">Cette man\u0153uvre lui permettra de saisir subs\u00e9quemment la main du partenaire. Le contr\u00f4le s\u2019effectuera en avan\u00e7ant en ligne droite, \u00e0 partir du centre, tout en effectuant un mouvement circulaire avec le bras qui tient la main de <em>Uke<\/em> au niveau de la paume.<\/p>\n<p style=\"text-align: justify;\"><u>b \u2013 Avec d\u00e9placement circulaire dans une autre direction que l\u2019angle d\u2019attaque de <em>Uke<\/em><\/u> (<em>Tenkan<\/em>)\u00a0: Apr\u00e8s avoir d\u00e9vi\u00e9 l\u2019attaque vers le haut, <em>Nage<\/em> se tournera et fera continuer l\u2019attaque vers le bas en se penchant. Les <em>Kika\u00ef-tanden<\/em> se retrouvent alors align\u00e9s parall\u00e8lement.<\/p>\n<p style=\"text-align: justify;\">\u00c0 ce moment, <em>Nage<\/em> qui aura saisi la main de <em>Uke<\/em>, entreprend un d\u00e9placement circulaire entrainant <em>Uke<\/em> au sol harmonieusement, en tournoyant, pour finalement effectuer le contr\u00f4le en<em> Ikkyo<\/em>\u00a0tel que d\u00e9crit pr\u00e9c\u00e9demment.<\/p>\n<hr \/>\n<p style=\"text-align: justify;\"><strong><img data-recalc-dims=\"1\" loading=\"lazy\" decoding=\"async\" data-attachment-id=\"2926\" data-permalink=\"https:\/\/jrfortin.com\/jrf\/?attachment_id=2926\" data-orig-file=\"https:\/\/i0.wp.com\/jrfortin.com\/jrf\/wp-content\/uploads\/2013\/03\/un.png?fit=59%2C28&amp;ssl=1\" data-orig-size=\"59,28\" data-comments-opened=\"0\" data-image-meta=\"{&quot;aperture&quot;:&quot;0&quot;,&quot;credit&quot;:&quot;&quot;,&quot;camera&quot;:&quot;&quot;,&quot;caption&quot;:&quot;&quot;,&quot;created_timestamp&quot;:&quot;0&quot;,&quot;copyright&quot;:&quot;&quot;,&quot;focal_length&quot;:&quot;0&quot;,&quot;iso&quot;:&quot;0&quot;,&quot;shutter_speed&quot;:&quot;0&quot;,&quot;title&quot;:&quot;&quot;,&quot;orientation&quot;:&quot;0&quot;}\" data-image-title=\"Ceinture bleue &#8211; ikkyu &#8211; 1er niveau de ma\u00eetrise A\u00efkido\" data-image-description=\"&lt;p&gt;niveau Ceinture bleue&lt;\/p&gt;\n\" data-image-caption=\"\" data-medium-file=\"https:\/\/i0.wp.com\/jrfortin.com\/jrf\/wp-content\/uploads\/2013\/03\/un.png?fit=59%2C28&amp;ssl=1\" data-large-file=\"https:\/\/i0.wp.com\/jrfortin.com\/jrf\/wp-content\/uploads\/2013\/03\/un.png?fit=59%2C28&amp;ssl=1\" class=\"alignright wp-image-2926 size-full\" src=\"https:\/\/i0.wp.com\/jrfortin.com\/jrf\/wp-content\/uploads\/2013\/03\/un.png?resize=59%2C28\" alt=\"un\" width=\"59\" height=\"28\" \/><\/strong><\/p>\n<p style=\"text-align: justify;\"><strong>7.2 \u2013 <em>Shomen-uchi Kokyu-nage<\/em>\u00a0<\/strong>: Projection par le souffle vital par contr\u00f4le de la t\u00eate, sur frappe \u00e0 la t\u00eate, de haut en bas, avec le tranchant de la main.<\/p>\n<p style=\"text-align: justify;\"><u>Indices de succ\u00e8s<\/u>\u00a0: <em>Uke<\/em> attaque du m\u00eame c\u00f4t\u00e9 que la jambe arri\u00e8re de <em>Nage<\/em>. La technique s\u2019ex\u00e9cute comme dans l\u2019exercice\u00a04.D d\u00e9crit \u00e0 l\u2019Annexe\u00a0V\u00a0: \u00ab\u00a0<em>Shomen-uchi Kokyu-nage Waza<\/em>\u00a0\u00bb (p. 334).<\/p>\n<p style=\"text-align: justify;\">Le premier mouvement de <em>Nage<\/em> consiste \u00e0 diffuser le<em> Ki <\/em>vers le haut avec le bras du c\u00f4t\u00e9 de sa jambe avanc\u00e9e, ce qui a pour effet de d\u00e9vier l\u2019attaque de <em>Uke<\/em>.<\/p>\n<p style=\"text-align: justify;\">Ensuite, <em>Nage<\/em> pivote pour se placer de c\u00f4t\u00e9 afin d\u2019aligner les <em>Kika\u00ef-tanden<\/em> \u00e0 90 degr\u00e9s. Le<em> Ki <\/em>est alors diffus\u00e9 vers le bas en continuant de tourner (\u00e9ventuellement jusqu\u2019\u00e0 180 degr\u00e9s), tout en contr\u00f4lant la t\u00eate de <em>Uke<\/em> dans le creux de l\u2019\u00e9paule.<\/p>\n<p style=\"text-align: justify;\">Puis, le<em> Ki <\/em>est dirig\u00e9 vers le haut, et une fois encore vers le bas pour produire la projection. Lorsqu\u2019il termine la technique, <em>Nage<\/em> se retrouve de c\u00f4t\u00e9, dans le sens de la ligne d\u2019attaque.<\/p>\n<hr \/>\n<p style=\"text-align: right;\"><a name=\"ancre5\"><\/a><a href=\"https:\/\/jrfortin.com\/jrf\/koichi-tohei-2-2\/#Haut\" rel=\"noopener noreferrer\"><strong>Retour \u00e0 l&rsquo;index des techniques<\/strong><\/a><\/p>\n<p><a title=\"Shin-Shin Toitsu A\u00efkido\" href=\"https:\/\/fr.wikipedia.org\/wiki\/Shin_Shin_Toitsu_Aikido\" target=\"_blank\" rel=\"noopener\"><em>Ki-A\u00efkido sur Wikipedia<\/em><\/a><\/p>\n","protected":false},"excerpt":{"rendered":"<p>Frappe directe du tranchant de la main \u00e0 la t\u00eate, \u2026<\/p>\n<p> <a class=\"continue-reading-link\" href=\"https:\/\/jrfortin.com\/jrf\/7-attaques-par-frappes-directes-du-tranchant-de-la-main-a-la-tete-de-haut-en-bas\/\"><span>continuez la lecture<\/span><i class=\"crycon-right-dir\"><\/i><\/a> <\/p>\n","protected":false},"author":1,"featured_media":0,"parent":0,"menu_order":0,"comment_status":"open","ping_status":"closed","template":"templates\/template-twocolumns-right.php","meta":{"footnotes":""},"class_list":["post-13197","page","type-page","status-publish","hentry"],"yoast_head":"<!-- This site is optimized with the Yoast SEO plugin v26.7 - https:\/\/yoast.com\/wordpress\/plugins\/seo\/ -->\n<title>7- Attaques par frappes directes du tranchant de la main \u00e0 la t\u00eate,\u00a0de haut en bas - Dojo du Nouveau Monde<\/title>\n<meta name=\"robots\" content=\"index, follow, max-snippet:-1, max-image-preview:large, max-video-preview:-1\" \/>\n<link rel=\"canonical\" href=\"https:\/\/jrfortin.com\/jrf\/7-attaques-par-frappes-directes-du-tranchant-de-la-main-a-la-tete-de-haut-en-bas\/\" \/>\n<meta property=\"og:locale\" content=\"fr_FR\" \/>\n<meta property=\"og:type\" content=\"article\" \/>\n<meta property=\"og:title\" content=\"7- Attaques par frappes directes du tranchant de la main \u00e0 la t\u00eate,\u00a0de haut en bas - Dojo du Nouveau Monde\" \/>\n<meta property=\"og:description\" content=\"Frappe directe du tranchant de la main \u00e0 la t\u00eate, \u2026 continuez la lecture\" \/>\n<meta property=\"og:url\" content=\"https:\/\/jrfortin.com\/jrf\/7-attaques-par-frappes-directes-du-tranchant-de-la-main-a-la-tete-de-haut-en-bas\/\" \/>\n<meta property=\"og:site_name\" content=\"Dojo du Nouveau Monde\" \/>\n<meta property=\"article:modified_time\" content=\"2023-07-13T12:32:14+00:00\" \/>\n<meta property=\"og:image\" content=\"http:\/\/jrfortin.com\/jrf\/wp-content\/uploads\/2013\/03\/deux.png\" \/>\n<meta name=\"twitter:card\" content=\"summary_large_image\" \/>\n<meta name=\"twitter:site\" content=\"@fortin_rock\" \/>\n<meta name=\"twitter:label1\" content=\"Dur\u00e9e de lecture estim\u00e9e\" \/>\n\t<meta name=\"twitter:data1\" content=\"2 minutes\" \/>\n<script type=\"application\/ld+json\" class=\"yoast-schema-graph\">{\"@context\":\"https:\/\/schema.org\",\"@graph\":[{\"@type\":\"WebPage\",\"@id\":\"https:\/\/jrfortin.com\/jrf\/7-attaques-par-frappes-directes-du-tranchant-de-la-main-a-la-tete-de-haut-en-bas\/\",\"url\":\"https:\/\/jrfortin.com\/jrf\/7-attaques-par-frappes-directes-du-tranchant-de-la-main-a-la-tete-de-haut-en-bas\/\",\"name\":\"7- Attaques par frappes directes du tranchant de la main \u00e0 la t\u00eate,\u00a0de haut en bas - Dojo du Nouveau Monde\",\"isPartOf\":{\"@id\":\"https:\/\/jrfortin.com\/jrf\/#website\"},\"primaryImageOfPage\":{\"@id\":\"https:\/\/jrfortin.com\/jrf\/7-attaques-par-frappes-directes-du-tranchant-de-la-main-a-la-tete-de-haut-en-bas\/#primaryimage\"},\"image\":{\"@id\":\"https:\/\/jrfortin.com\/jrf\/7-attaques-par-frappes-directes-du-tranchant-de-la-main-a-la-tete-de-haut-en-bas\/#primaryimage\"},\"thumbnailUrl\":\"http:\/\/jrfortin.com\/jrf\/wp-content\/uploads\/2013\/03\/deux.png\",\"datePublished\":\"2020-04-13T21:38:03+00:00\",\"dateModified\":\"2023-07-13T12:32:14+00:00\",\"breadcrumb\":{\"@id\":\"https:\/\/jrfortin.com\/jrf\/7-attaques-par-frappes-directes-du-tranchant-de-la-main-a-la-tete-de-haut-en-bas\/#breadcrumb\"},\"inLanguage\":\"fr-FR\",\"potentialAction\":[{\"@type\":\"ReadAction\",\"target\":[\"https:\/\/jrfortin.com\/jrf\/7-attaques-par-frappes-directes-du-tranchant-de-la-main-a-la-tete-de-haut-en-bas\/\"]}]},{\"@type\":\"ImageObject\",\"inLanguage\":\"fr-FR\",\"@id\":\"https:\/\/jrfortin.com\/jrf\/7-attaques-par-frappes-directes-du-tranchant-de-la-main-a-la-tete-de-haut-en-bas\/#primaryimage\",\"url\":\"http:\/\/jrfortin.com\/jrf\/wp-content\/uploads\/2013\/03\/deux.png\",\"contentUrl\":\"http:\/\/jrfortin.com\/jrf\/wp-content\/uploads\/2013\/03\/deux.png\"},{\"@type\":\"BreadcrumbList\",\"@id\":\"https:\/\/jrfortin.com\/jrf\/7-attaques-par-frappes-directes-du-tranchant-de-la-main-a-la-tete-de-haut-en-bas\/#breadcrumb\",\"itemListElement\":[{\"@type\":\"ListItem\",\"position\":1,\"name\":\"Accueil\",\"item\":\"https:\/\/jrfortin.com\/jrf\/\"},{\"@type\":\"ListItem\",\"position\":2,\"name\":\"7- Attaques par frappes directes du tranchant de la main \u00e0 la t\u00eate,\u00a0de haut en bas\"}]},{\"@type\":\"WebSite\",\"@id\":\"https:\/\/jrfortin.com\/jrf\/#website\",\"url\":\"https:\/\/jrfortin.com\/jrf\/\",\"name\":\"Dojo du Nouveau Monde\",\"description\":\"R\u00e9seau de Shihan Jean-Rock Fortin\",\"publisher\":{\"@id\":\"https:\/\/jrfortin.com\/jrf\/#\/schema\/person\/420b013ae3febafe8d99a66adee55de9\"},\"potentialAction\":[{\"@type\":\"SearchAction\",\"target\":{\"@type\":\"EntryPoint\",\"urlTemplate\":\"https:\/\/jrfortin.com\/jrf\/?s={search_term_string}\"},\"query-input\":{\"@type\":\"PropertyValueSpecification\",\"valueRequired\":true,\"valueName\":\"search_term_string\"}}],\"inLanguage\":\"fr-FR\"},{\"@type\":[\"Person\",\"Organization\"],\"@id\":\"https:\/\/jrfortin.com\/jrf\/#\/schema\/person\/420b013ae3febafe8d99a66adee55de9\",\"name\":\"Shihan Jean-Rock Fortin, M.A.\",\"image\":{\"@type\":\"ImageObject\",\"inLanguage\":\"fr-FR\",\"@id\":\"https:\/\/jrfortin.com\/jrf\/#\/schema\/person\/image\/\",\"url\":\"https:\/\/i2.wp.com\/jrfortin.com\/jrf\/wp-content\/uploads\/2020\/07\/ki-le-chemin.jpg?fit=600%2C848&ssl=1\",\"contentUrl\":\"https:\/\/i2.wp.com\/jrfortin.com\/jrf\/wp-content\/uploads\/2020\/07\/ki-le-chemin.jpg?fit=600%2C848&ssl=1\",\"width\":600,\"height\":848,\"caption\":\"Shihan Jean-Rock Fortin, M.A.\"},\"logo\":{\"@id\":\"https:\/\/jrfortin.com\/jrf\/#\/schema\/person\/image\/\"},\"description\":\"Globetrotteur par affaires et pour le plaisir, et Orientaliste, je suis instructeur d'arts martiaux (maitre-enseignant de Ki-A\u00efkido [Shihan] &amp; Dim-Mak), Fondateur du Dojo du Nouveau Monde (2010), \\\"S\u00e9ancier\\\" de Kiatsu, M\u00e9tatronicien, Radiesth\u00e9siste, Coutelier d'art, Conf\u00e9rencier et Auteur du livre \\\"Ki - Le Chemin de l'\u00c9veil\\\" (2018). Je suis \u00e9galement Consultant strat\u00e9gique en \u00e9volution et prosp\u00e9rit\u00e9 des personnes et des organisations.\",\"sameAs\":[\"http:\/\/www.jrfortin.com\"]}]}<\/script>\n<!-- \/ Yoast SEO plugin. -->","yoast_head_json":{"title":"7- Attaques par frappes directes du tranchant de la main \u00e0 la t\u00eate,\u00a0de haut en bas - Dojo du Nouveau Monde","robots":{"index":"index","follow":"follow","max-snippet":"max-snippet:-1","max-image-preview":"max-image-preview:large","max-video-preview":"max-video-preview:-1"},"canonical":"https:\/\/jrfortin.com\/jrf\/7-attaques-par-frappes-directes-du-tranchant-de-la-main-a-la-tete-de-haut-en-bas\/","og_locale":"fr_FR","og_type":"article","og_title":"7- Attaques par frappes directes du tranchant de la main \u00e0 la t\u00eate,\u00a0de haut en bas - Dojo du Nouveau Monde","og_description":"Frappe directe du tranchant de la main \u00e0 la t\u00eate, \u2026 continuez la lecture","og_url":"https:\/\/jrfortin.com\/jrf\/7-attaques-par-frappes-directes-du-tranchant-de-la-main-a-la-tete-de-haut-en-bas\/","og_site_name":"Dojo du Nouveau Monde","article_modified_time":"2023-07-13T12:32:14+00:00","og_image":[{"url":"http:\/\/jrfortin.com\/jrf\/wp-content\/uploads\/2013\/03\/deux.png","type":"","width":"","height":""}],"twitter_card":"summary_large_image","twitter_site":"@fortin_rock","twitter_misc":{"Dur\u00e9e de lecture estim\u00e9e":"2 minutes"},"schema":{"@context":"https:\/\/schema.org","@graph":[{"@type":"WebPage","@id":"https:\/\/jrfortin.com\/jrf\/7-attaques-par-frappes-directes-du-tranchant-de-la-main-a-la-tete-de-haut-en-bas\/","url":"https:\/\/jrfortin.com\/jrf\/7-attaques-par-frappes-directes-du-tranchant-de-la-main-a-la-tete-de-haut-en-bas\/","name":"7- Attaques par frappes directes du tranchant de la main \u00e0 la t\u00eate,\u00a0de haut en bas - Dojo du Nouveau Monde","isPartOf":{"@id":"https:\/\/jrfortin.com\/jrf\/#website"},"primaryImageOfPage":{"@id":"https:\/\/jrfortin.com\/jrf\/7-attaques-par-frappes-directes-du-tranchant-de-la-main-a-la-tete-de-haut-en-bas\/#primaryimage"},"image":{"@id":"https:\/\/jrfortin.com\/jrf\/7-attaques-par-frappes-directes-du-tranchant-de-la-main-a-la-tete-de-haut-en-bas\/#primaryimage"},"thumbnailUrl":"http:\/\/jrfortin.com\/jrf\/wp-content\/uploads\/2013\/03\/deux.png","datePublished":"2020-04-13T21:38:03+00:00","dateModified":"2023-07-13T12:32:14+00:00","breadcrumb":{"@id":"https:\/\/jrfortin.com\/jrf\/7-attaques-par-frappes-directes-du-tranchant-de-la-main-a-la-tete-de-haut-en-bas\/#breadcrumb"},"inLanguage":"fr-FR","potentialAction":[{"@type":"ReadAction","target":["https:\/\/jrfortin.com\/jrf\/7-attaques-par-frappes-directes-du-tranchant-de-la-main-a-la-tete-de-haut-en-bas\/"]}]},{"@type":"ImageObject","inLanguage":"fr-FR","@id":"https:\/\/jrfortin.com\/jrf\/7-attaques-par-frappes-directes-du-tranchant-de-la-main-a-la-tete-de-haut-en-bas\/#primaryimage","url":"http:\/\/jrfortin.com\/jrf\/wp-content\/uploads\/2013\/03\/deux.png","contentUrl":"http:\/\/jrfortin.com\/jrf\/wp-content\/uploads\/2013\/03\/deux.png"},{"@type":"BreadcrumbList","@id":"https:\/\/jrfortin.com\/jrf\/7-attaques-par-frappes-directes-du-tranchant-de-la-main-a-la-tete-de-haut-en-bas\/#breadcrumb","itemListElement":[{"@type":"ListItem","position":1,"name":"Accueil","item":"https:\/\/jrfortin.com\/jrf\/"},{"@type":"ListItem","position":2,"name":"7- Attaques par frappes directes du tranchant de la main \u00e0 la t\u00eate,\u00a0de haut en bas"}]},{"@type":"WebSite","@id":"https:\/\/jrfortin.com\/jrf\/#website","url":"https:\/\/jrfortin.com\/jrf\/","name":"Dojo du Nouveau Monde","description":"R\u00e9seau de Shihan Jean-Rock Fortin","publisher":{"@id":"https:\/\/jrfortin.com\/jrf\/#\/schema\/person\/420b013ae3febafe8d99a66adee55de9"},"potentialAction":[{"@type":"SearchAction","target":{"@type":"EntryPoint","urlTemplate":"https:\/\/jrfortin.com\/jrf\/?s={search_term_string}"},"query-input":{"@type":"PropertyValueSpecification","valueRequired":true,"valueName":"search_term_string"}}],"inLanguage":"fr-FR"},{"@type":["Person","Organization"],"@id":"https:\/\/jrfortin.com\/jrf\/#\/schema\/person\/420b013ae3febafe8d99a66adee55de9","name":"Shihan Jean-Rock Fortin, M.A.","image":{"@type":"ImageObject","inLanguage":"fr-FR","@id":"https:\/\/jrfortin.com\/jrf\/#\/schema\/person\/image\/","url":"https:\/\/i2.wp.com\/jrfortin.com\/jrf\/wp-content\/uploads\/2020\/07\/ki-le-chemin.jpg?fit=600%2C848&ssl=1","contentUrl":"https:\/\/i2.wp.com\/jrfortin.com\/jrf\/wp-content\/uploads\/2020\/07\/ki-le-chemin.jpg?fit=600%2C848&ssl=1","width":600,"height":848,"caption":"Shihan Jean-Rock Fortin, M.A."},"logo":{"@id":"https:\/\/jrfortin.com\/jrf\/#\/schema\/person\/image\/"},"description":"Globetrotteur par affaires et pour le plaisir, et Orientaliste, je suis instructeur d'arts martiaux (maitre-enseignant de Ki-A\u00efkido [Shihan] &amp; Dim-Mak), Fondateur du Dojo du Nouveau Monde (2010), \"S\u00e9ancier\" de Kiatsu, M\u00e9tatronicien, Radiesth\u00e9siste, Coutelier d'art, Conf\u00e9rencier et Auteur du livre \"Ki - Le Chemin de l'\u00c9veil\" (2018). Je suis \u00e9galement Consultant strat\u00e9gique en \u00e9volution et prosp\u00e9rit\u00e9 des personnes et des organisations.","sameAs":["http:\/\/www.jrfortin.com"]}]}},"jetpack_sharing_enabled":true,"_links":{"self":[{"href":"https:\/\/jrfortin.com\/jrf\/wp-json\/wp\/v2\/pages\/13197","targetHints":{"allow":["GET"]}}],"collection":[{"href":"https:\/\/jrfortin.com\/jrf\/wp-json\/wp\/v2\/pages"}],"about":[{"href":"https:\/\/jrfortin.com\/jrf\/wp-json\/wp\/v2\/types\/page"}],"author":[{"embeddable":true,"href":"https:\/\/jrfortin.com\/jrf\/wp-json\/wp\/v2\/users\/1"}],"replies":[{"embeddable":true,"href":"https:\/\/jrfortin.com\/jrf\/wp-json\/wp\/v2\/comments?post=13197"}],"version-history":[{"count":2,"href":"https:\/\/jrfortin.com\/jrf\/wp-json\/wp\/v2\/pages\/13197\/revisions"}],"predecessor-version":[{"id":19581,"href":"https:\/\/jrfortin.com\/jrf\/wp-json\/wp\/v2\/pages\/13197\/revisions\/19581"}],"wp:attachment":[{"href":"https:\/\/jrfortin.com\/jrf\/wp-json\/wp\/v2\/media?parent=13197"}],"curies":[{"name":"wp","href":"https:\/\/api.w.org\/{rel}","templated":true}]}}