{"id":7152,"date":"2017-07-06T20:07:30","date_gmt":"2017-07-07T00:07:30","guid":{"rendered":"http:\/\/jrfortin.com\/jrf\/?page_id=7152"},"modified":"2024-08-13T09:25:05","modified_gmt":"2024-08-13T13:25:05","slug":"videos-securisees","status":"publish","type":"page","link":"https:\/\/jrfortin.com\/jrf\/videos-securisees\/","title":{"rendered":"Documents de formation"},"content":{"rendered":"<p><a name=\"Haut\"><\/a><\/p>\n<h1 style=\"text-align: center;\"><strong>AVERTISSEMENT<\/strong><\/h1>\n<p style=\"text-align: center;\"><strong>Il est interdit de distribuer ou de partager les documents et vid\u00e9os pr\u00e9sent\u00e9s ici.<br \/>\nIls sont uniquement destin\u00e9s \u00e0 votre \u00e9tude personnelle.<\/strong><\/p>\n<p style=\"text-align: center;\"><img data-recalc-dims=\"1\" loading=\"lazy\" decoding=\"async\" data-attachment-id=\"12224\" data-permalink=\"https:\/\/jrfortin.com\/jrf\/blog\/le-passage-de-grades-au-dojo-de-la-paix-ki-aikido-kai-quebe\/logo-aiki\/\" data-orig-file=\"https:\/\/i0.wp.com\/jrfortin.com\/jrf\/wp-content\/uploads\/2020\/01\/Logo-aiki.png?fit=523%2C523&amp;ssl=1\" data-orig-size=\"523,523\" data-comments-opened=\"1\" data-image-meta=\"{&quot;aperture&quot;:&quot;0&quot;,&quot;credit&quot;:&quot;&quot;,&quot;camera&quot;:&quot;&quot;,&quot;caption&quot;:&quot;&quot;,&quot;created_timestamp&quot;:&quot;0&quot;,&quot;copyright&quot;:&quot;&quot;,&quot;focal_length&quot;:&quot;0&quot;,&quot;iso&quot;:&quot;0&quot;,&quot;shutter_speed&quot;:&quot;0&quot;,&quot;title&quot;:&quot;&quot;,&quot;orientation&quot;:&quot;0&quot;}\" data-image-title=\"Logo aiki\" data-image-description=\"&lt;p&gt;Logo de Ki-A\u00efkido &#8211; Dojo Ki-A\u00efkido-Ka\u00ef Qu\u00e9bec&lt;\/p&gt;\n\" data-image-caption=\"&lt;p&gt;Logo de Ki-A\u00efkido &#8211; Dojo Ki-A\u00efkido-Ka\u00ef Qu\u00e9bec&lt;\/p&gt;\n\" data-medium-file=\"https:\/\/i0.wp.com\/jrfortin.com\/jrf\/wp-content\/uploads\/2020\/01\/Logo-aiki.png?fit=300%2C300&amp;ssl=1\" data-large-file=\"https:\/\/i0.wp.com\/jrfortin.com\/jrf\/wp-content\/uploads\/2020\/01\/Logo-aiki.png?fit=523%2C523&amp;ssl=1\" class=\"aligncenter wp-image-12224\" src=\"https:\/\/i0.wp.com\/jrfortin.com\/jrf\/wp-content\/uploads\/2020\/01\/Logo-aiki.png?resize=275%2C275&#038;ssl=1\" alt=\"\" width=\"275\" height=\"275\" srcset=\"https:\/\/i0.wp.com\/jrfortin.com\/jrf\/wp-content\/uploads\/2020\/01\/Logo-aiki.png?w=523&amp;ssl=1 523w, https:\/\/i0.wp.com\/jrfortin.com\/jrf\/wp-content\/uploads\/2020\/01\/Logo-aiki.png?resize=300%2C300&amp;ssl=1 300w, https:\/\/i0.wp.com\/jrfortin.com\/jrf\/wp-content\/uploads\/2020\/01\/Logo-aiki.png?resize=120%2C120&amp;ssl=1 120w, https:\/\/i0.wp.com\/jrfortin.com\/jrf\/wp-content\/uploads\/2020\/01\/Logo-aiki.png?resize=150%2C150&amp;ssl=1 150w\" sizes=\"auto, (max-width: 275px) 100vw, 275px\" \/><\/p>\n<h3 style=\"text-align: center;\"><strong><span style=\"color: #000000;\"><em>Onegai-Shimasu!<\/em><\/span><\/strong><\/h3>\n<hr \/>\n<h3 style=\"text-align: left;\"><strong>LIVRES ET DOCUMENTS DE FORMATION<\/strong><\/h3>\n<ul>\n<li style=\"text-align: left;\"><a href=\"https:\/\/jrfortin.com\/jrf\/wp-content\/uploads\/2024\/08\/Guide_Aiki_2024.pdf\" target=\"_blank\" rel=\"noopener\"><strong>Guide de formation_Ki-Aikido \/ Jissenka\u00ef_(juillet 2024)<\/strong><\/a><\/li>\n<li style=\"text-align: left;\"><a href=\"https:\/\/jrfortin.com\/jrf\/blog\/le-passage-de-grades-au-dojo-de-la-paix-ki-aikido-kai-quebe\/\" target=\"_blank\" rel=\"noopener noreferrer\">Progression et r\u00e9vocation des grades de notre Dojo<\/a><\/li>\n<li style=\"text-align: left;\"><a href=\"http:\/\/jrfortin.com\/jrf\/wp-content\/uploads\/2021\/07\/Kiatsu-buy-Koichi-Tohei.pdf\" target=\"_blank\" rel=\"noopener\">KIATSU (livre de Doshu Koichi Tohei)<\/a><\/li>\n<li style=\"text-align: left;\"><a href=\"https:\/\/jrfortin.com\/jrf\/wp-content\/uploads\/2019\/11\/Syllabus.pdf\" target=\"_blank\" rel=\"noopener noreferrer\">Syllabus de formation de Kiatsu<\/a><\/li>\n<li style=\"text-align: left;\"><a href=\"https:\/\/jrfortin.com\/jrf\/wp-content\/uploads\/2020\/02\/Japanese-Yoga-by-H.-Davey.pdf\" target=\"_blank\" rel=\"noopener noreferrer\">Livre num\u00e9rique du Yoga Japonais de Tempu Nakamura<\/a><\/li>\n<li style=\"text-align: left;\"><a href=\"https:\/\/jrfortin.com\/jrf\/wp-content\/uploads\/2019\/08\/Med_dirigee.pdf\" target=\"_blank\" rel=\"noopener noreferrer\">Le texte de la m\u00e9ditation quantique en .PDF<\/a><\/li>\n<li><a href=\"http:\/\/jrfortin.com\/jrf\/wp-content\/uploads\/2021\/05\/52-cadrans-Vibratis.pdf\" target=\"_blank\" rel=\"noopener\">52 cadrans Vibratis.pdf<\/a><\/li>\n<li><a href=\"http:\/\/jrfortin.com\/jrf\/wp-content\/uploads\/2021\/05\/Guerir-Naturellement.-Le-guide-pratique-pour-vaincre-20-maladies-de-notre-temps.pdf\" target=\"_blank\" rel=\"noopener\">Gu\u00e9rir Naturellement (Dr. Xavier Bazin).pdf<\/a><\/li>\n<li><a href=\"http:\/\/jrfortin.com\/jrf\/wp-content\/uploads\/2021\/05\/connaissez-vous-votre-frequence-michel-gautier.pdf\" target=\"_blank\" rel=\"noopener\">Connaissez vous votre fr\u00e9quence (Michel Gautier).pdf<\/a><\/li>\n<\/ul>\n<hr \/>\n<h3><strong>MUSIQUE ET M\u00c9DITATION<\/strong><\/h3>\n<hr \/>\n<ul>\n<li><a href=\"https:\/\/jrfortin.com\/jrf\/wp-content\/uploads\/2019\/08\/med_dir.m4a\" target=\"_blank\" rel=\"noopener noreferrer\"><strong>M\u00c9DITATION QUANTIQUE<\/strong> <strong>avec Shihan JEAN-ROCK FORTIN<\/strong><\/a><\/li>\n<\/ul>\n<p style=\"text-align: justify;\"><em>Note: lorsque vous animez la m\u00e9ditation, vous devez faire de nombreuses pauses, <\/em><em>id\u00e9alement au son d&rsquo;un bol tib\u00e9tain&#8230;<\/em><\/p>\n<p><img data-recalc-dims=\"1\" loading=\"lazy\" decoding=\"async\" data-attachment-id=\"11400\" data-permalink=\"https:\/\/jrfortin.com\/jrf\/blog\/des-vaisseaux-de-cristal-pour-augmenter-le-taux-vibratoire-de-leau\/img_1686\/\" data-orig-file=\"https:\/\/i0.wp.com\/jrfortin.com\/jrf\/wp-content\/uploads\/2019\/06\/IMG_1686.jpg?fit=4032%2C3024&amp;ssl=1\" data-orig-size=\"4032,3024\" data-comments-opened=\"1\" data-image-meta=\"{&quot;aperture&quot;:&quot;2.2&quot;,&quot;credit&quot;:&quot;&quot;,&quot;camera&quot;:&quot;iPhone SE&quot;,&quot;caption&quot;:&quot;&quot;,&quot;created_timestamp&quot;:&quot;1561385032&quot;,&quot;copyright&quot;:&quot;&quot;,&quot;focal_length&quot;:&quot;4.15&quot;,&quot;iso&quot;:&quot;200&quot;,&quot;shutter_speed&quot;:&quot;0.066666666666667&quot;,&quot;title&quot;:&quot;&quot;,&quot;orientation&quot;:&quot;0&quot;}\" data-image-title=\"IMG_1686\" data-image-description=\"&lt;p&gt;Bol de cristal et tib\u00e9tain&lt;\/p&gt;\n\" data-image-caption=\"\" data-medium-file=\"https:\/\/i0.wp.com\/jrfortin.com\/jrf\/wp-content\/uploads\/2019\/06\/IMG_1686.jpg?fit=300%2C225&amp;ssl=1\" data-large-file=\"https:\/\/i0.wp.com\/jrfortin.com\/jrf\/wp-content\/uploads\/2019\/06\/IMG_1686.jpg?fit=830%2C623&amp;ssl=1\" class=\"aligncenter wp-image-11400\" src=\"https:\/\/i0.wp.com\/jrfortin.com\/jrf\/wp-content\/uploads\/2019\/06\/IMG_1686.jpg?resize=301%2C226&#038;ssl=1\" alt=\"Bols tib\u00e9tain et de cristal\" width=\"301\" height=\"226\" srcset=\"https:\/\/i0.wp.com\/jrfortin.com\/jrf\/wp-content\/uploads\/2019\/06\/IMG_1686.jpg?w=4032&amp;ssl=1 4032w, https:\/\/i0.wp.com\/jrfortin.com\/jrf\/wp-content\/uploads\/2019\/06\/IMG_1686.jpg?resize=300%2C225&amp;ssl=1 300w, https:\/\/i0.wp.com\/jrfortin.com\/jrf\/wp-content\/uploads\/2019\/06\/IMG_1686.jpg?resize=768%2C576&amp;ssl=1 768w, https:\/\/i0.wp.com\/jrfortin.com\/jrf\/wp-content\/uploads\/2019\/06\/IMG_1686.jpg?resize=1024%2C768&amp;ssl=1 1024w, https:\/\/i0.wp.com\/jrfortin.com\/jrf\/wp-content\/uploads\/2019\/06\/IMG_1686.jpg?resize=150%2C113&amp;ssl=1 150w, https:\/\/i0.wp.com\/jrfortin.com\/jrf\/wp-content\/uploads\/2019\/06\/IMG_1686.jpg?resize=1320%2C990&amp;ssl=1 1320w, https:\/\/i0.wp.com\/jrfortin.com\/jrf\/wp-content\/uploads\/2019\/06\/IMG_1686.jpg?resize=600%2C450&amp;ssl=1 600w, https:\/\/i0.wp.com\/jrfortin.com\/jrf\/wp-content\/uploads\/2019\/06\/IMG_1686.jpg?w=1660&amp;ssl=1 1660w, https:\/\/i0.wp.com\/jrfortin.com\/jrf\/wp-content\/uploads\/2019\/06\/IMG_1686.jpg?w=2490&amp;ssl=1 2490w\" sizes=\"auto, (max-width: 301px) 100vw, 301px\" \/><\/p>\n<ul>\n<li><a href=\"https:\/\/www.dropbox.com\/s\/w2nob1ubynypex9\/Chi%20Energy%20Boost%20.mp3?dl=0\" target=\"_blank\" rel=\"noopener noreferrer\">Musique pour m\u00e9ditation avec Ki (.mp3 \u00e0 t\u00e9l\u00e9charger)<\/a><\/li>\n<li><a href=\"https:\/\/www.dropbox.com\/s\/vay2z4r5bml3efu\/Musique%20tib%C3%A9taine.mp3?dl=0\">Musique tib\u00e9taine (.mp3 \u00e0 t\u00e9l\u00e9charger)<\/a><\/li>\n<li style=\"text-align: left;\"><a href=\"https:\/\/jrfortin.com\/jrf\/wp-content\/uploads\/2018\/01\/Ki-No-Kokyu-Ho.mp3\" target=\"_blank\" rel=\"noopener noreferrer\">Musique pour l&rsquo;exercice de Ki-Bara\u00ef, m\u00e9ditation et cadencement pour respiration avec Ki<\/a><\/li>\n<li><a href=\"https:\/\/jrfortin.com\/jrf\/wp-content\/uploads\/2020\/06\/Anja-daza-Ho.m4a\" target=\"_blank\" rel=\"noopener noreferrer\">Musique pour la m\u00e9ditation \u00ab Anjo Daza Ho \u00bb, au son d&rsquo;un bol tib\u00e9tain (15 minutes)<\/a><\/li>\n<\/ul>\n<hr \/>\n<p style=\"text-align: center;\"><a href=\"http:\/\/jrfortin.com\/jrf\/wp-content\/uploads\/2018\/10\/La_Divine_Matrice.mp3\" target=\"_blank\" rel=\"noopener noreferrer\"><strong>LA DIVINE MATRICE (en mp3) :<\/strong><\/a><br \/>\n<a href=\"http:\/\/jrfortin.com\/jrf\/wp-content\/uploads\/2018\/10\/La_Divine_Matrice.mp3\" target=\"_blank\" rel=\"noopener noreferrer\"><strong>Superbe conf\u00e9rence sur la cr\u00e9ation de la r\u00e9alit\u00e9 quantique<\/strong><\/a><\/p>\n<hr \/>\n<!--[if lt IE 9]><script>document.createElement('video');<\/script><![endif]-->\n\t<div class=\"wp-playlist wp-video-playlist wp-playlist-light\">\n\t\t<video controls=\"controls\" preload=\"none\" width=\"808\"\n\t\t height=\"455\"\t><\/video>\n\t<div class=\"wp-playlist-next\"><\/div>\n\t<div class=\"wp-playlist-prev\"><\/div>\n\t<noscript>\n\t<ol>\n\t\t<li><a href='https:\/\/jrfortin.com\/jrf\/wp-content\/uploads\/2021\/06\/conference-avec-tabata-sensei-savefromweb.com_.mov'>Conf\u00e9rence Tabata Sensei<\/a><\/li><li><a href='https:\/\/jrfortin.com\/jrf\/wp-content\/uploads\/2023\/07\/Porter-le-Katana.mov'>Porter le Katana avec un Gi<\/a><\/li><li><a href='https:\/\/jrfortin.com\/jrf\/wp-content\/uploads\/2023\/07\/nouer-lobi.mov'>Nouer l'Obi (la ceinture)<\/a><\/li><li><a href='https:\/\/jrfortin.com\/jrf\/wp-content\/uploads\/2023\/07\/Kaku-Obi.mov'>Nouer le Kaku Obi<\/a><\/li><li><a href='https:\/\/jrfortin.com\/jrf\/wp-content\/uploads\/2023\/07\/Shirakawa.mov'>Shirakawa : Techniques d'autod\u00e9fense de l'A\u00efkido<\/a><\/li>\t<\/ol>\n\t<\/noscript>\n\t<script type=\"application\/json\" class=\"wp-playlist-script\">{\"type\":\"video\",\"tracklist\":true,\"tracknumbers\":true,\"images\":true,\"artists\":true,\"tracks\":[{\"src\":\"https:\\\/\\\/jrfortin.com\\\/jrf\\\/wp-content\\\/uploads\\\/2021\\\/06\\\/conference-avec-tabata-sensei-savefromweb.com_.mov\",\"type\":\"video\\\/quicktime\",\"title\":\"Conf\\u00e9rence Tabata Sensei\",\"caption\":\"\",\"description\":\"\",\"meta\":{\"length_formatted\":\"55:40\"},\"dimensions\":{\"original\":{\"width\":640,\"height\":360},\"resized\":{\"width\":808,\"height\":455}},\"image\":{\"src\":\"https:\\\/\\\/jrfortin.com\\\/jrf\\\/wp-includes\\\/images\\\/media\\\/video.svg\",\"width\":48,\"height\":64},\"thumb\":{\"src\":\"https:\\\/\\\/jrfortin.com\\\/jrf\\\/wp-includes\\\/images\\\/media\\\/video.svg\",\"width\":48,\"height\":64}},{\"src\":\"https:\\\/\\\/jrfortin.com\\\/jrf\\\/wp-content\\\/uploads\\\/2023\\\/07\\\/Porter-le-Katana.mov\",\"type\":\"video\\\/quicktime\",\"title\":\"Porter le Katana avec un Gi\",\"caption\":\"\",\"description\":\"\",\"meta\":{\"length_formatted\":\"1:38\"},\"dimensions\":{\"original\":{\"width\":960,\"height\":540},\"resized\":{\"width\":808,\"height\":455}},\"image\":{\"src\":\"https:\\\/\\\/jrfortin.com\\\/jrf\\\/wp-includes\\\/images\\\/media\\\/video.svg\",\"width\":48,\"height\":64},\"thumb\":{\"src\":\"https:\\\/\\\/jrfortin.com\\\/jrf\\\/wp-includes\\\/images\\\/media\\\/video.svg\",\"width\":48,\"height\":64}},{\"src\":\"https:\\\/\\\/jrfortin.com\\\/jrf\\\/wp-content\\\/uploads\\\/2023\\\/07\\\/nouer-lobi.mov\",\"type\":\"video\\\/quicktime\",\"title\":\"Nouer l'Obi (la ceinture)\",\"caption\":\"\",\"description\":\"\",\"meta\":{\"length_formatted\":\"1:17\"},\"dimensions\":{\"original\":{\"width\":1280,\"height\":720},\"resized\":{\"width\":808,\"height\":455}},\"image\":{\"src\":\"https:\\\/\\\/jrfortin.com\\\/jrf\\\/wp-includes\\\/images\\\/media\\\/video.svg\",\"width\":48,\"height\":64},\"thumb\":{\"src\":\"https:\\\/\\\/jrfortin.com\\\/jrf\\\/wp-includes\\\/images\\\/media\\\/video.svg\",\"width\":48,\"height\":64}},{\"src\":\"https:\\\/\\\/jrfortin.com\\\/jrf\\\/wp-content\\\/uploads\\\/2023\\\/07\\\/Kaku-Obi.mov\",\"type\":\"video\\\/quicktime\",\"title\":\"Nouer le Kaku Obi\",\"caption\":\"\",\"description\":\"\",\"meta\":{\"length_formatted\":\"1:27\"},\"dimensions\":{\"original\":{\"width\":1280,\"height\":720},\"resized\":{\"width\":808,\"height\":455}},\"image\":{\"src\":\"https:\\\/\\\/jrfortin.com\\\/jrf\\\/wp-includes\\\/images\\\/media\\\/video.svg\",\"width\":48,\"height\":64},\"thumb\":{\"src\":\"https:\\\/\\\/jrfortin.com\\\/jrf\\\/wp-includes\\\/images\\\/media\\\/video.svg\",\"width\":48,\"height\":64}},{\"src\":\"https:\\\/\\\/jrfortin.com\\\/jrf\\\/wp-content\\\/uploads\\\/2023\\\/07\\\/Shirakawa.mov\",\"type\":\"video\\\/quicktime\",\"title\":\"Shirakawa : Techniques d'autod\\u00e9fense de l'A\\u00efkido\",\"caption\":\"\",\"description\":\"\",\"meta\":{\"length_formatted\":\"11:30\"},\"dimensions\":{\"original\":{\"width\":1280,\"height\":720},\"resized\":{\"width\":808,\"height\":455}},\"image\":{\"src\":\"https:\\\/\\\/jrfortin.com\\\/jrf\\\/wp-includes\\\/images\\\/media\\\/video.svg\",\"width\":48,\"height\":64},\"thumb\":{\"src\":\"https:\\\/\\\/jrfortin.com\\\/jrf\\\/wp-includes\\\/images\\\/media\\\/video.svg\",\"width\":48,\"height\":64}}]}<\/script>\n<\/div>\n\t\n<hr \/>\n<p style=\"text-align: right;\"><span style=\"color: #333300;\"><span style=\"color: #333300;\"><a href=\"#Haut\">Retour en haut de la page<\/a><\/span><\/span><\/p>\n<p>&nbsp;<\/p>\n","protected":false},"excerpt":{"rendered":"<p>AVERTISSEMENT Il est interdit de distribuer ou de \u2026<\/p>\n<p> <a class=\"continue-reading-link\" href=\"https:\/\/jrfortin.com\/jrf\/videos-securisees\/\"><span>continuez la lecture<\/span><i class=\"crycon-right-dir\"><\/i><\/a> <\/p>\n","protected":false},"author":1,"featured_media":0,"parent":0,"menu_order":0,"comment_status":"open","ping_status":"closed","template":"templates\/template-twocolumns-right.php","meta":{"footnotes":""},"class_list":["post-7152","page","type-page","status-publish","hentry"],"yoast_head":"<!-- This site is optimized with the Yoast SEO plugin v26.7 - https:\/\/yoast.com\/wordpress\/plugins\/seo\/ -->\n<title>Documents de formation - Dojo du Nouveau Monde<\/title>\n<meta name=\"robots\" content=\"index, follow, max-snippet:-1, max-image-preview:large, max-video-preview:-1\" \/>\n<link rel=\"canonical\" href=\"https:\/\/jrfortin.com\/jrf\/videos-securisees\/\" \/>\n<meta property=\"og:locale\" content=\"fr_FR\" \/>\n<meta property=\"og:type\" content=\"article\" \/>\n<meta property=\"og:title\" content=\"Documents de formation - Dojo du Nouveau Monde\" \/>\n<meta property=\"og:description\" content=\"AVERTISSEMENT Il est interdit de distribuer ou de \u2026 continuez la lecture\" \/>\n<meta property=\"og:url\" content=\"https:\/\/jrfortin.com\/jrf\/videos-securisees\/\" \/>\n<meta property=\"og:site_name\" content=\"Dojo du Nouveau Monde\" \/>\n<meta property=\"article:modified_time\" content=\"2024-08-13T13:25:05+00:00\" \/>\n<meta property=\"og:image\" content=\"https:\/\/jrfortin.com\/jrf\/wp-content\/uploads\/2020\/01\/Logo-aiki.png\" \/>\n<meta name=\"twitter:card\" content=\"summary_large_image\" \/>\n<meta name=\"twitter:site\" content=\"@fortin_rock\" \/>\n<meta name=\"twitter:label1\" content=\"Dur\u00e9e de lecture estim\u00e9e\" \/>\n\t<meta name=\"twitter:data1\" content=\"2 minutes\" \/>\n<script type=\"application\/ld+json\" class=\"yoast-schema-graph\">{\"@context\":\"https:\/\/schema.org\",\"@graph\":[{\"@type\":\"WebPage\",\"@id\":\"https:\/\/jrfortin.com\/jrf\/videos-securisees\/\",\"url\":\"https:\/\/jrfortin.com\/jrf\/videos-securisees\/\",\"name\":\"Documents de formation - Dojo du Nouveau Monde\",\"isPartOf\":{\"@id\":\"https:\/\/jrfortin.com\/jrf\/#website\"},\"primaryImageOfPage\":{\"@id\":\"https:\/\/jrfortin.com\/jrf\/videos-securisees\/#primaryimage\"},\"image\":{\"@id\":\"https:\/\/jrfortin.com\/jrf\/videos-securisees\/#primaryimage\"},\"thumbnailUrl\":\"https:\/\/jrfortin.com\/jrf\/wp-content\/uploads\/2020\/01\/Logo-aiki.png\",\"datePublished\":\"2017-07-07T00:07:30+00:00\",\"dateModified\":\"2024-08-13T13:25:05+00:00\",\"breadcrumb\":{\"@id\":\"https:\/\/jrfortin.com\/jrf\/videos-securisees\/#breadcrumb\"},\"inLanguage\":\"fr-FR\",\"potentialAction\":[{\"@type\":\"ReadAction\",\"target\":[\"https:\/\/jrfortin.com\/jrf\/videos-securisees\/\"]}]},{\"@type\":\"ImageObject\",\"inLanguage\":\"fr-FR\",\"@id\":\"https:\/\/jrfortin.com\/jrf\/videos-securisees\/#primaryimage\",\"url\":\"https:\/\/i0.wp.com\/jrfortin.com\/jrf\/wp-content\/uploads\/2020\/01\/Logo-aiki.png?fit=523%2C523&ssl=1\",\"contentUrl\":\"https:\/\/i0.wp.com\/jrfortin.com\/jrf\/wp-content\/uploads\/2020\/01\/Logo-aiki.png?fit=523%2C523&ssl=1\",\"width\":523,\"height\":523,\"caption\":\"Logo de Ki-A\u00efkido - Dojo Ki-A\u00efkido-Ka\u00ef Qu\u00e9bec\"},{\"@type\":\"BreadcrumbList\",\"@id\":\"https:\/\/jrfortin.com\/jrf\/videos-securisees\/#breadcrumb\",\"itemListElement\":[{\"@type\":\"ListItem\",\"position\":1,\"name\":\"Accueil\",\"item\":\"https:\/\/jrfortin.com\/jrf\/\"},{\"@type\":\"ListItem\",\"position\":2,\"name\":\"Documents de formation\"}]},{\"@type\":\"WebSite\",\"@id\":\"https:\/\/jrfortin.com\/jrf\/#website\",\"url\":\"https:\/\/jrfortin.com\/jrf\/\",\"name\":\"Dojo du Nouveau Monde\",\"description\":\"R\u00e9seau de Shihan Jean-Rock Fortin\",\"publisher\":{\"@id\":\"https:\/\/jrfortin.com\/jrf\/#\/schema\/person\/420b013ae3febafe8d99a66adee55de9\"},\"potentialAction\":[{\"@type\":\"SearchAction\",\"target\":{\"@type\":\"EntryPoint\",\"urlTemplate\":\"https:\/\/jrfortin.com\/jrf\/?s={search_term_string}\"},\"query-input\":{\"@type\":\"PropertyValueSpecification\",\"valueRequired\":true,\"valueName\":\"search_term_string\"}}],\"inLanguage\":\"fr-FR\"},{\"@type\":[\"Person\",\"Organization\"],\"@id\":\"https:\/\/jrfortin.com\/jrf\/#\/schema\/person\/420b013ae3febafe8d99a66adee55de9\",\"name\":\"Shihan Jean-Rock Fortin, M.A.\",\"image\":{\"@type\":\"ImageObject\",\"inLanguage\":\"fr-FR\",\"@id\":\"https:\/\/jrfortin.com\/jrf\/#\/schema\/person\/image\/\",\"url\":\"https:\/\/i2.wp.com\/jrfortin.com\/jrf\/wp-content\/uploads\/2020\/07\/ki-le-chemin.jpg?fit=600%2C848&ssl=1\",\"contentUrl\":\"https:\/\/i2.wp.com\/jrfortin.com\/jrf\/wp-content\/uploads\/2020\/07\/ki-le-chemin.jpg?fit=600%2C848&ssl=1\",\"width\":600,\"height\":848,\"caption\":\"Shihan Jean-Rock Fortin, M.A.\"},\"logo\":{\"@id\":\"https:\/\/jrfortin.com\/jrf\/#\/schema\/person\/image\/\"},\"description\":\"Globetrotteur par affaires et pour le plaisir, et Orientaliste, je suis instructeur d'arts martiaux (maitre-enseignant de Ki-A\u00efkido [Shihan] &amp; Dim-Mak), Fondateur du Dojo du Nouveau Monde (2010), \\\"S\u00e9ancier\\\" de Kiatsu, M\u00e9tatronicien, Radiesth\u00e9siste, Coutelier d'art, Conf\u00e9rencier et Auteur du livre \\\"Ki - Le Chemin de l'\u00c9veil\\\" (2018). Je suis \u00e9galement Consultant strat\u00e9gique en \u00e9volution et prosp\u00e9rit\u00e9 des personnes et des organisations.\",\"sameAs\":[\"http:\/\/www.jrfortin.com\"]}]}<\/script>\n<!-- \/ Yoast SEO plugin. -->","yoast_head_json":{"title":"Documents de formation - Dojo du Nouveau Monde","robots":{"index":"index","follow":"follow","max-snippet":"max-snippet:-1","max-image-preview":"max-image-preview:large","max-video-preview":"max-video-preview:-1"},"canonical":"https:\/\/jrfortin.com\/jrf\/videos-securisees\/","og_locale":"fr_FR","og_type":"article","og_title":"Documents de formation - Dojo du Nouveau Monde","og_description":"AVERTISSEMENT Il est interdit de distribuer ou de \u2026 continuez la lecture","og_url":"https:\/\/jrfortin.com\/jrf\/videos-securisees\/","og_site_name":"Dojo du Nouveau Monde","article_modified_time":"2024-08-13T13:25:05+00:00","og_image":[{"url":"https:\/\/jrfortin.com\/jrf\/wp-content\/uploads\/2020\/01\/Logo-aiki.png","type":"","width":"","height":""}],"twitter_card":"summary_large_image","twitter_site":"@fortin_rock","twitter_misc":{"Dur\u00e9e de lecture estim\u00e9e":"2 minutes"},"schema":{"@context":"https:\/\/schema.org","@graph":[{"@type":"WebPage","@id":"https:\/\/jrfortin.com\/jrf\/videos-securisees\/","url":"https:\/\/jrfortin.com\/jrf\/videos-securisees\/","name":"Documents de formation - Dojo du Nouveau Monde","isPartOf":{"@id":"https:\/\/jrfortin.com\/jrf\/#website"},"primaryImageOfPage":{"@id":"https:\/\/jrfortin.com\/jrf\/videos-securisees\/#primaryimage"},"image":{"@id":"https:\/\/jrfortin.com\/jrf\/videos-securisees\/#primaryimage"},"thumbnailUrl":"https:\/\/jrfortin.com\/jrf\/wp-content\/uploads\/2020\/01\/Logo-aiki.png","datePublished":"2017-07-07T00:07:30+00:00","dateModified":"2024-08-13T13:25:05+00:00","breadcrumb":{"@id":"https:\/\/jrfortin.com\/jrf\/videos-securisees\/#breadcrumb"},"inLanguage":"fr-FR","potentialAction":[{"@type":"ReadAction","target":["https:\/\/jrfortin.com\/jrf\/videos-securisees\/"]}]},{"@type":"ImageObject","inLanguage":"fr-FR","@id":"https:\/\/jrfortin.com\/jrf\/videos-securisees\/#primaryimage","url":"https:\/\/i0.wp.com\/jrfortin.com\/jrf\/wp-content\/uploads\/2020\/01\/Logo-aiki.png?fit=523%2C523&ssl=1","contentUrl":"https:\/\/i0.wp.com\/jrfortin.com\/jrf\/wp-content\/uploads\/2020\/01\/Logo-aiki.png?fit=523%2C523&ssl=1","width":523,"height":523,"caption":"Logo de Ki-A\u00efkido - Dojo Ki-A\u00efkido-Ka\u00ef Qu\u00e9bec"},{"@type":"BreadcrumbList","@id":"https:\/\/jrfortin.com\/jrf\/videos-securisees\/#breadcrumb","itemListElement":[{"@type":"ListItem","position":1,"name":"Accueil","item":"https:\/\/jrfortin.com\/jrf\/"},{"@type":"ListItem","position":2,"name":"Documents de formation"}]},{"@type":"WebSite","@id":"https:\/\/jrfortin.com\/jrf\/#website","url":"https:\/\/jrfortin.com\/jrf\/","name":"Dojo du Nouveau Monde","description":"R\u00e9seau de Shihan Jean-Rock Fortin","publisher":{"@id":"https:\/\/jrfortin.com\/jrf\/#\/schema\/person\/420b013ae3febafe8d99a66adee55de9"},"potentialAction":[{"@type":"SearchAction","target":{"@type":"EntryPoint","urlTemplate":"https:\/\/jrfortin.com\/jrf\/?s={search_term_string}"},"query-input":{"@type":"PropertyValueSpecification","valueRequired":true,"valueName":"search_term_string"}}],"inLanguage":"fr-FR"},{"@type":["Person","Organization"],"@id":"https:\/\/jrfortin.com\/jrf\/#\/schema\/person\/420b013ae3febafe8d99a66adee55de9","name":"Shihan Jean-Rock Fortin, M.A.","image":{"@type":"ImageObject","inLanguage":"fr-FR","@id":"https:\/\/jrfortin.com\/jrf\/#\/schema\/person\/image\/","url":"https:\/\/i2.wp.com\/jrfortin.com\/jrf\/wp-content\/uploads\/2020\/07\/ki-le-chemin.jpg?fit=600%2C848&ssl=1","contentUrl":"https:\/\/i2.wp.com\/jrfortin.com\/jrf\/wp-content\/uploads\/2020\/07\/ki-le-chemin.jpg?fit=600%2C848&ssl=1","width":600,"height":848,"caption":"Shihan Jean-Rock Fortin, M.A."},"logo":{"@id":"https:\/\/jrfortin.com\/jrf\/#\/schema\/person\/image\/"},"description":"Globetrotteur par affaires et pour le plaisir, et Orientaliste, je suis instructeur d'arts martiaux (maitre-enseignant de Ki-A\u00efkido [Shihan] &amp; Dim-Mak), Fondateur du Dojo du Nouveau Monde (2010), \"S\u00e9ancier\" de Kiatsu, M\u00e9tatronicien, Radiesth\u00e9siste, Coutelier d'art, Conf\u00e9rencier et Auteur du livre \"Ki - Le Chemin de l'\u00c9veil\" (2018). Je suis \u00e9galement Consultant strat\u00e9gique en \u00e9volution et prosp\u00e9rit\u00e9 des personnes et des organisations.","sameAs":["http:\/\/www.jrfortin.com"]}]}},"jetpack_sharing_enabled":true,"_links":{"self":[{"href":"https:\/\/jrfortin.com\/jrf\/wp-json\/wp\/v2\/pages\/7152","targetHints":{"allow":["GET"]}}],"collection":[{"href":"https:\/\/jrfortin.com\/jrf\/wp-json\/wp\/v2\/pages"}],"about":[{"href":"https:\/\/jrfortin.com\/jrf\/wp-json\/wp\/v2\/types\/page"}],"author":[{"embeddable":true,"href":"https:\/\/jrfortin.com\/jrf\/wp-json\/wp\/v2\/users\/1"}],"replies":[{"embeddable":true,"href":"https:\/\/jrfortin.com\/jrf\/wp-json\/wp\/v2\/comments?post=7152"}],"version-history":[{"count":2,"href":"https:\/\/jrfortin.com\/jrf\/wp-json\/wp\/v2\/pages\/7152\/revisions"}],"predecessor-version":[{"id":20167,"href":"https:\/\/jrfortin.com\/jrf\/wp-json\/wp\/v2\/pages\/7152\/revisions\/20167"}],"wp:attachment":[{"href":"https:\/\/jrfortin.com\/jrf\/wp-json\/wp\/v2\/media?parent=7152"}],"curies":[{"name":"wp","href":"https:\/\/api.w.org\/{rel}","templated":true}]}}